Suppose d*f - 266 = 42. Calculate the greatest common factor of 7 and f.
7
Let u = 46 + -33. Calculate the greatest common factor of 52 and u.
13
Let u = -115 - -143. What is the highest common divisor of 28 and u?
28
Let b = -6 - -9. Suppose -6 = 3*l - 3, -b*r + 44 = -2*l. Suppose 5*c = -d + 140, c + 84 = 4*c + 3*d. Calculate the highest common factor of r and c.
14
Let g(j) = 6*j + 244. Let f be g(-39). Suppose 0*k - 125 = -5*k. What is the greatest common factor of k and f?
5
Let k(p) = p - 4. Let t be k(5). Calculate the greatest common divisor of t and 3.
1
Let y(p) = -p + 8. Let x be y(-6). Calculate the greatest common factor of 70 and x.
14
Suppose 5*w + 5*o = 5, -5*w - o + 19 = 2. Suppose -80 - 388 = -w*r. Calculate the highest common factor of r and 13.
13
Suppose -2*i = 4*t + 24, 8*t - 3*t - 9 = 4*i. Let f be 4*-21*(i - -5). Calculate the greatest common factor of 12 and f.
12
Let f = 7 + 0. Calculate the highest common divisor of 1 and f.
1
Let j(c) = -c + 43. Let w be j(13). What is the greatest common divisor of w and 6?
6
Suppose -5*r = -4*r - 128. What is the highest common factor of r and 16?
16
Suppose -x = 4*q - q - 30, 0 = 3*x - 4*q - 142. What is the highest common factor of 105 and x?
21
Suppose -5*d = -2*d - 6. Calculate the greatest common divisor of d and 10.
2
Let s(h) = h**3 - h**2 + 2. Let n be s(0). Suppose n*d + 9 = 3*m, m + 2*m - d = 12. Calculate the greatest common divisor of m and 5.
5
Suppose -2*f + 13 = -3. Calculate the highest common divisor of 20 and f.
4
Suppose 5*t - 15 = 3*t - o, 3*t - 25 = -4*o. Calculate the greatest common divisor of 7 and t.
7
Let n(x) = 5*x**2 - x + 1. Let y be n(1). Let w be 6/(-15) - (-22)/y. Let l = -2 + w. What is the highest common factor of 10 and l?
2
Suppose 0*r - 158 = -4*k - r, -6 = 3*r. Let c(t) = t**3 + 2*t**2 + 2*t + 1. Let p be c(-4). Let s = 55 + p. Calculate the greatest common factor of s and k.
8
Let r be 11 + -3*4/6. Suppose 2*x = -1 + r. Suppose x*t + 6 = 18. Calculate the greatest common divisor of 9 and t.
3
Suppose 0*x + 36 = 6*x. Let t(w) = w - 3. Let o be t(0). Let a = o + 5. Calculate the greatest common divisor of a and x.
2
Let d = -8 + 21. Suppose -4*t = 10 + 2, -5*t = -2*f + 223. Calculate the greatest common factor of f and d.
13
Suppose -108 = -7*l + 18. Let i(u) be the second derivative of 11*u**5/5 + u**4/6 - u**2/2 - u. Let t be i(1). Calculate the highest common divisor of t and l.
9
Suppose -72 - 13 = -2*m + l, -3*m + 140 = -4*l. Let u = -6 - -11. Suppose -u*n + 20 + 30 = 0. What is the greatest common factor of n and m?
10
Let c = 43 + -42. What is the highest common divisor of 3 and c?
1
Let k = 100 - 96. Suppose 25 = 7*a - 2*a. Suppose 0 = 2*j + a*g - 16, -4*j = k*g - 0*g - 32. What is the highest common factor of j and 12?
4
Let m be -4*1/(4/(-12)). Suppose -4*a = -a + 2*j - 16, 4*a - 24 = -4*j. What is the highest common factor of m and a?
4
Let o(r) = 0 - 3 - 7*r - 2*r + 0. Let v be o(-5). Calculate the greatest common divisor of 14 and v.
14
Let i(z) = -z**3 + 2*z**2 - 2*z - 3. Let c be i(-2). Calculate the highest common factor of 17 and c.
17
Let c(u) = -u**2 - 8*u + 4. Let f be c(-8). Suppose -3 = -4*q + q. What is the highest common divisor of f and q?
1
Let x be (-1280)/(-72) - 2/(-9). Let b = x - 2. Calculate the greatest common factor of 80 and b.
16
Let c be 2/6 + 3/(-9). Suppose c*w = -5*w + 10. Suppose -3*j + 114 = -3*z, -84 = -w*j - 5*z + 6. Calculate the greatest common factor of j and 100.
20
Let k(j) = 199*j**2 - 1. Let u be k(-1). What is the greatest common divisor of 36 and u?
18
Let l(s) = 2*s**2 - 5*s - 2. Let j be l(6). What is the highest common divisor of j and 20?
20
Let q = 162 + -92. What is the greatest common divisor of 28 and q?
14
Let v(r) = 3*r**2 - 7*r + 3. Let s(i) = -4*i**2 + 8*i - 3. Let m(u) = 4*s(u) + 6*v(u). Let b be m(6). Calculate the greatest common factor of 180 and b.
18
Let w(v) = -3*v + 20. Let x be w(6). What is the highest common factor of x and 10?
2
Let n be 4 + -1 + 3/3. Suppose n*u - 10 = 2*u. Calculate the highest common divisor of 2 and u.
1
Let l(w) be the first derivative of w**2/2 + 44*w - 17. Suppose -3*c = -2*c. Let f be l(c). Calculate the highest common factor of 11 and f.
11
Suppose 16*n = 1175 + 681. Calculate the highest common divisor of n and 174.
58
Suppose 3*s = -5*g - 5, -4*s = 4*g + 6 + 6. Let h be 9*(0 + g/6). Suppose -h*a = 2*a - 630. Calculate the highest common divisor of a and 14.
14
Suppose -4*r + 208 = 2*j, 3*r + 0*j = -3*j + 162. Let l = 43 - 23. What is the greatest common factor of r and l?
10
Let s be (8 - 0)/((-4)/16). Let w be (s/(-6))/((-1)/(-3)). Calculate the greatest common divisor of w and 8.
8
Suppose 103 = 2*p - 3*o, -2*p + 2*o + 274 = 3*p. Let t = -34 + p. What is the highest common factor of t and 11?
11
Let d(v) = -2*v - 2*v - v. Let x be d(-2). Calculate the highest common factor of 90 and x.
10
Let y be (0 + 3 + -3)/2. Suppose y = p - 0*p + 4. Let q = 12 - p. What is the highest common factor of q and 112?
16
Suppose 30 = -5*i + 100. Let x = i - 2. Calculate the greatest common divisor of 30 and x.
6
Let u(j) = -j + 19. Let c(r) = 9. Let k(x) = -5*c(x) + 2*u(x). Let p be k(-6). Suppose 0 = p*q - 14 - 1. Calculate the highest common factor of q and 21.
3
Suppose 17 = -4*s - 39. Let j be (s/3)/((-2)/(-12)). Let t = j + 48. What is the highest common divisor of t and 4?
4
Let o = 34 + -16. What is the highest common divisor of o and 12?
6
Suppose -2*c - 3*y = -4*y - 335, 0 = -c - 3*y + 150. Calculate the greatest common factor of 15 and c.
15
Suppose -5*m = -75 + 15. Let o(i) = 12*i**2. Suppose 4*l + 19 = 3*k - 0, -2*l - 17 = -3*k. Let q be o(l). What is the highest common factor of q and m?
12
Let i(c) = -4*c - 3*c - c**2 - 1 - 2*c. Let n be i(-8). Calculate the greatest common factor of 28 and n.
7
Let b be (-36)/(-10) - (-6)/15. Suppose b = -r, -154 = -g - r - r. Suppose 4*x = g - 26. What is the highest common divisor of x and 85?
17
Let h be (-1)/((-3)/(6 + -3)). Suppose -2*g = 5*n + 9, -g - 3*n + 0 = 6. What is the highest common divisor of h and g?
1
Let k(f) = 10*f - 36. Let t be k(8). Calculate the greatest common divisor of 33 and t.
11
Let a be -3 + 28/6*3. Let p = a - 17. Let i be 2 - (p*1 + 1). Calculate the highest common factor of i and 63.
7
Let z be ((-30)/(-4))/((-24)/(-16)). Suppose -2*j - 3 + z = 0. What is the highest common divisor of j and 9?
1
Suppose -5*f - 4 = -7*f. What is the highest common factor of 14 and f?
2
Suppose 0 = u - 2 - 13. Let v = 17 - u. What is the highest common factor of 4 and v?
2
Let p = 11 - 1. Calculate the greatest common factor of p and 50.
10
Let y(d) = 2*d + 36. Let s be y(-6). Suppose 3*b = -2*b + 180. Calculate the greatest common divisor of s and b.
12
Let v(m) = -4*m**2 - m - 5. Let k be v(-7). Let b = k + 127. Let p = b + 115. Calculate the greatest common divisor of p and 32.
16
Let g = 6 + -4. Let v(c) be the second derivative of c**5/2 - c**4/6 + c**3/2 - c**2/2 - 2*c. Let t be v(g). What is the highest common divisor of 7 and t?
7
Suppose 2*b - 58 = -k, -212 = k - 5*k - 3*b. What is the greatest common divisor of k and 20?
10
Let b(i) = -2*i - 18. Let k be b(-20). Calculate the greatest common factor of 22 and k.
22
Suppose -5*y + 0*y + 4*o = -67, 2*y - 3*o = 31. What is the greatest common divisor of y and 11?
11
Suppose -15 + 90 = 5*t. Calculate the highest common factor of t and 45.
15
Let z be (-2)/4 + 4/8. Suppose 2*p - 33 - 47 = z. What is the greatest common divisor of p and 10?
10
Let t = -38 - -74. Let o(v) = -11*v**3 - v**2 - v + 1. Let i be o(-1). What is the greatest common divisor of t and i?
12
Let h = 173 + -129. Calculate the greatest common factor of h and 33.
11
Suppose 2*x = -0*x + 126. What is the greatest common divisor of 42 and x?
21
Let j = 10 + -8. Suppose -5*k = 6*o - o - 295, -3*k = -j*o - 202. What is the highest common factor of k and 8?
8
Let m be (1 - -5) + -4 + 6. Let r be ((-18)/(-12))/((-6)/m). Let o(i) = 2*i**2 - 2*i - 2. Let x be o(r). What is the greatest common divisor of 25 and x?
5
Let o be (6/24)/(1/4). Let y = o - -15. What is the greatest common divisor of y and 16?
16
Suppose -4*v + 11 = p - 23, 4*p - 124 = -4*v. Suppose q = 3*y + 18 - 75, 